Let l(g) be the third derivative of g**8/20160 + g**7/2520 + g**5/30 + 23*g**2. Let m(f) be the third derivative of l(f). What is m(-3)?
3
Suppose -3*k - 3*o = -7*o - 49, 5*k + 3*o = 72. Let y(f) = f - 10. Give y(k).
5
Suppose -20*a - 20*a - 160 = 0. Let p(r) = r**3 + 4*r**2 + 1. Determine p(a).
1
Let s(n) = 9 + 6 - 9 + 20*n - 26*n. Calculate s(4).
-18
Let s(p) = 13*p**3 - p - p**2 - 5 - 6*p + 13*p - 8*p. Let h(j) = -27*j**3 + 2*j**2 + 5*j + 11. Let u(y) = 4*h(y) + 9*s(y). What is u(1)?
9
Let d(j) = -12*j + j**3 + 13*j**2 - 4*j + 5*j - 6*j + 3*j + 5. Give d(-14).
5
Let x be 6*(1/(-3) - 36/(-27)). Let t(y) = -x*y + 20*y - 12*y - 6 - 4. Calculate t(7).
4
Let w(q) = q**3 - 4*q**2 - 5*q + 5. Let h be w(5). Let t(s) = 43809 + 43811 + 5*s + 43803 - s**3 + 4*s**2 - 131427. What is t(h)?
-4
Let u = 57 - 55. Suppose -j + 0 = -17. Suppose 4*c + u*z = 6*z + 12, j = -5*c - 3*z. Let y(l) = l**2 - l. Give y(c).
2
Suppose f = 3*v + 56, f = -v + 2 - 14. Let o be (v + 18)*(-8 + 0). Let l = -3 - o. Let x(k) = -2*k - 4. Calculate x(l).
-14
Let c(u) = u**2 - 5. Suppose 2*n - 4*i - i = 10, 2*i = -5*n - 33. Calculate c(n).
20
Let u be 0/1*(2 + -1). Let k = u + 3. Let a(y) be the third derivative of y**5/30 - 5*y**4/24 + 2*y**3/3 - 181*y**2 + 2. What is a(k)?
7
Let a = 118 + -115. Let x(y) = y**3 - y**2 - 2*y - 4. What is x(a)?
8
Suppose 3*x + 23 - 8 = 0, -2*g - 2*x - 4 = 0. Let u(v) = v + 4. Give u(g).
7
Let i(j) = -j**3 - 8*j**2 + 8*j - 5. Let x(n) = n**2 - 13. Let z be x(-7). Suppose 2*r + z = -2*r. Calculate i(r).
4
Let b = -12 - -16. Suppose 1 = z, 0 = b*p + p - 2*z + 2. Let y(f) = -11 - 2*f**2 + 2*f + p*f**2 + 6*f + 8. Determine y(5).
-13
Let w(z) be the third derivative of z**5/60 - z**4/6 + z**3/2 - 28*z**2. Calculate w(3).
0
Let f be 6/9*(-24)/(-16). Let n(x) = -3*x + 5. Let q(r) = -2*r + 4. Let z(s) = -5*n(s) + 6*q(s). What is z(f)?
2
Let s(g) = -137*g + 278*g + 6 - 142*g. Calculate s(8).
-2
Suppose -5*j = -6*j + 1. Let z(a) = -5*a. Calculate z(j).
-5
Let c = -25 - -29. Let h(v) be the first derivative of -1/2*v**2 - v**3 + 2 + 1/4*v**4 - c*v. Calculate h(3).
-7
Suppose 0*a + 3*a - 24 = 0. Let b(n) be the first derivative of -n**2 + 12*n + 780. Give b(a).
-4
Let w(g) = -g**2 + 4*g + 7. Let u be w(5). Let o = u + 5. Let n(t) = t**3 + 5*t**2 - o*t + 2*t + 4 + 2*t. Give n(-6).
-14
Let b(i) = -2*i**2 + 32*i + 9. Let x be b(16). Let v(l) be the second derivative of -l**4/12 + 3*l**3/2 + 2*l**2 - 6*l. Give v(x).
4
Let c be 74/14 - 23/((-805)/(-10)). Let z(j) = j**2 - 7*j - 2. Calculate z(c).
-12
Let l = -39 - -62. Suppose 3*m - 4*w - l = 12, -5*w - 30 = -m. Suppose 6 = m*v - 19. Let s(p) = -2*p + 5. Give s(v).
-5
Let b(d) be the second derivative of d**3/3 + 9*d**2 + 543*d. Calculate b(-6).
6
Let f(r) be the third derivative of 0 - 1/240*r**6 + 0*r + 1/3*r**4 + 0*r**3 - 1/120*r**5 + 2*r**2. Let b(o) be the second derivative of f(o). Determine b(3).
-10
Let i be (-969)/57*(-4)/17. Let q(v) = 2*v**2 - 10*v + 14. What is q(i)?
6
Let p = -9 - -6. Let y(c) = -c**2 - 3*c - 2. Let f(h) = -h + 1. Let g(u) = u + 2. Let o be g(-3). Let q(x) = o*y(x) + f(x). What is q(p)?
6
Suppose 5*r + 0*r = 0. Suppose 4*n - 3*g + 12 = r, 0*g + 9 = -3*n + 5*g. Let z(o) be the third derivative of -o**5/60 - o**4/8 - o**3/6 + 2*o**2. What is z(n)?
-1
Suppose -a + 13 = -8. Let r = a - 21. Suppose 0*c - 3*c - 9 = r. Let k(b) = -b**3 - 4*b**2 + 3. Give k(c).
-6
Let n(p) = 54 - 14 + 8*p - 24 - 20. Determine n(-3).
-28
Suppose 5*n = -0*n + 40. Let j = 10 - n. Let h(k) = 0 + 6 - k**2 + 0*k - j - 2*k. Calculate h(-5).
-11
Let b(l) be the second derivative of 5/2*l**2 + 20*l + 1/12*l**4 + l**3 + 0. Calculate b(-5).
0
Let z(c) = -c**2 - 8*c + 6. Let l be z(-10). Let t = l - -9. Let m(d) = -d**3 + d**2 - 1. Let r(h) = 5*h**3 - 7*h + 2. Let g(o) = 4*m(o) + r(o). What is g(t)?
8
Let h(i) = -2*i + 16. Suppose 4*d + 62 - 86 = 0. What is h(d)?
4
Let d(m) = -m**3 - 7*m**2 + 13*m + 11. Let p(q) = q**3 + 7*q**2 - 12*q - 10. Let n(g) = 4*d(g) + 5*p(g). Let t = -621 + 613. Calculate n(t).
-6
Let d be (-35)/14*(-6)/15. Let q(w) = w + 1. Calculate q(d).
2
Suppose -8*z + 13*z + 15 = 0, 4*z + 18 = -3*s. Let i = -8 - -4. Let j = s - i. Let c(n) = 6*n - 3. Give c(j).
9
Let r(x) = x. Let d = -19 - -16. Give r(d).
-3
Let w(k) = -2*k + 7. Let q(m) = -m + 3. Let n(b) = -5*q(b) + 3*w(b). Let o be ((8 - 4)/(-1))/(-1). Suppose -o*d + 14 = 2*g, -5*d + 10 + 12 = -2*g. Give n(d).
2
Suppose 4*j - 56 + 4 = 0. Let a(o) = o - 6. Calculate a(j).
7
Let r(o) = o**2 + 12*o + 4. Suppose 105*z = 119*z + 112. Calculate r(z).
-28
Let b(u) = u**2 - 8*u - 13. Suppose -80 = 48*c - 56*c. Give b(c).
7
Let f(w) = -4*w**3 - 6*w**2 - 6*w + 6. Let m be (3*6/(-18))/(1/(-6)). Let x(h) = -3*h**3 - 5*h**2 - 5*h + 5. Let a(s) = m*x(s) - 5*f(s). Calculate a(1).
2
Let g(d) = 3*d**3 + 2*d**2 + 2*d + 1. Suppose -k + 2*p + 2*p = 8, -32 = 4*k + 5*p. Let j be 2*2*2/k. What is g(j)?
-2
Let g(c) be the second derivative of -c**4/6 - 4*c**3/3 - 27*c**2/2 - 13*c. Let v(w) be the first derivative of g(w). What is v(-8)?
24
Let b be ((-2)/(-6))/(4/180). Let t = 14 - b. Let j(w) = 11*w**2 - 1. Give j(t).
10
Let a be 8/(-5)*(-25)/10. Suppose 3*d - 1 - 5 = 0. Let l(q) = -q**3 + q**2 - 1 + q - 4 + 3*q**d - 2*q. What is l(a)?
-9
Let t = 13 - 10. Suppose b = -t*b + 8. Let o(f) = -2 - f**3 - 3*f**3 + 3*f**3 + 5*f**b - 4*f. Calculate o(4).
-2
Let v be (-5 + 2)/(-12)*0. Suppose v*i = -2*i. Let f(m) = -m - 5. Give f(i).
-5
Let g(b) be the first derivative of -6 - 4/3*b**3 - 1/4*b**4 + 7/2*b**2 + 6*b. Calculate g(-5).
-4
Let u be -3 - (-1 - (20 + 0)). Suppose 32 = 4*z - 4*s, 0 = 3*z - 0*s - s - u. Let o(x) = -2*x + 0*x**2 - z - x**2 + 7. What is o(-4)?
-6
Let y(q) = q**2 - 18*q**3 + 5 - 1 - q - 3*q**3 - 1 + 20*q**3. What is y(2)?
-3
Let w(a) = -3*a + 38 - 19 - 15. Let x be w(-2). Let o(c) = 2*c - 11. Give o(x).
9
Let m(b) = 146 + 0*b**3 - 5*b + 2*b**3 + 3*b**2 - 150 - b**3. Calculate m(-4).
0
Let l = 43 + -37. Let y(w) = 3 - w + 0*w**2 - 6*w**2 + l*w - w**3 + 2*w**2. Determine y(-5).
3
Suppose -z - 4*q = q - 3, -5*q + 15 = 5*z. Let w(v) = 5*v + 0 + 0*v + v**3 - z*v**2 - v - 2. Give w(2).
2
Let w(i) = 77*i - 110*i + 36*i - 36. What is w(10)?
-6
Let g = 97 + -191/2. Let n(p) be the second derivative of 2/3*p**3 - g*p**2 + 0 - 1/6*p**4 + 2*p - 1/20*p**5. Give n(2).
-11
Let b(u) = -3*u**2 + 1. Let y = 2704 - 2702. Calculate b(y).
-11
Let o(c) = 202*c**2 + 32*c - 2*c + 80 - 201*c**2. Let m be o(-27). Let b(z) = 15*z + 1. What is b(m)?
-14
Let w be (2/2)/((-7)/(-28)). Suppose w*j + 3 = -3*x - 11, 0 = 4*x - 5*j - 33. Let f(v) = -3 + x - 2*v - 3. Calculate f(-4).
4
Suppose c = 5*s + 16, -5*s = -c - s + 12. Let x(d) = 3*d + 2. Give x(c).
-10
Let o(b) = b**3 - 7*b**2 - 15*b - 20. Suppose -i + 3*r + 6 = 0, -4*r + 9 - 50 = -5*i. Determine o(i).
7
Let k(t) = t. Let g(h) = -h**3 + 6*h**2 - 5*h - 12. Let x be g(5). Let j = 9 + x. What is k(j)?
-3
Suppose -s + 3 = -0*s. Let m(r) = -3*r**3 + 1 - 112*r + 7*r**s + 112*r. Suppose 0 = -3*x + 14 - 11. Calculate m(x).
5
Let u(h) be the second derivative of 0 + 6*h - 1/3*h**4 - 3/2*h**2 + 2/3*h**3. Suppose j - 6 = -2*j. What is u(j)?
-11
Let i(z) be the first derivative of 0*z - 29 + 1/2*z**2 - 2/3*z**3. Determine i(-1).
-3
Let y(f) = 7*f + 7 + 1 + 4*f**2 - 3*f**2 - 5. Suppose 2 = -t, -4*d + 2*d - t - 18 = 0. Calculate y(d).
11
Let k(f) = -6941*f**2 + 1 + 2 + 6937*f**2 - f**3 - 2*f. Determine k(-3).
0
Let g(d) = -6*d**2 - 14*d + 41. Let a(m) = 4*m**2 - 2. Let o be a(-1). Let y(s) = s**2 + 3*s - 8. Let b(w) = o*g(w) + 11*y(w). Give b(5).
-6
Let n(q) be the third derivative of q**6/60 - q**5/60 - q**4/12 - q**3/6 + 89*q**2. Give n(2).
7
Let b(k) = -k**3 + 11*k**2 + 11*k + 8. Let i(w) = w**3 - 11*w**2 - 11*w - 7. Let l(u) = -4*b(u) - 5*i(u). Calculate l(12).
-9
Let n(v) = v**3 + 2*v**2 - 2*v - 1. Suppose 7*j = 5 + 2. Let w(o) = -4*o**2 + 3*o - 2. Let s be w(j). Determine n(s).
-4
Let p(o) = 2*o + 2*o + 3*o + 0*o**2 + o**2 + 2. Suppose 0 = 3*k - 6*k + 93. Suppose 11 = -t + j, k = -0*t - 5*t - j. Determine p(t).
2
Let z(n) be the first derivative of -4*n**3/3 + n + 2. Suppose 5*s + 19 + 5 = -x, x - 21 = 4*s. What is z(x)?
-3
Let m(s) = 5*s + 493 + 495 - 988. Give m(-7).
-35
Let j(k) = -k**2 + 4. Suppose 0 = w - 77 + 4. Let n = -78 + w. Calculate j